
{"id":856,"date":"2016-07-20T11:35:22","date_gmt":"2016-07-20T11:35:22","guid":{"rendered":"http:\/\/bhrt-sindikat.ba\/?page_id=856"},"modified":"2016-07-20T11:40:25","modified_gmt":"2016-07-20T11:40:25","slug":"statut","status":"publish","type":"page","link":"http:\/\/bhrt-sindikat.ba\/?page_id=856","title":{"rendered":"Statut"},"content":{"rendered":"<table border=\"0\" width=\"100%\">\n<tbody>\n<tr>\n<td width=\"50\"><a href=\"http:\/\/bhrt-sindikat.ba\/wp-content\/uploads\/2016\/07\/STATUT-BHRT-precisceni-tekst.pdf\" target=\"_blank\"><img loading=\"lazy\" decoding=\"async\" class=\"alignnone size-full wp-image-205\" src=\"http:\/\/bhrt-sindikat.ba\/\/wp-content\/uploads\/2015\/05\/pdf.jpg\" alt=\"pdf\" width=\"50\" height=\"50\" \/><\/a><\/td>\n<td>\n<div class=\"more-link clearfix\">20.07.2016.<\/div>\n<p>Statut Samostalnog sindikata radnika u BHRT-u &#8211; pre\u010di\u0161\u0107eni tekst &#8211; interna upotreba<\/td>\n<\/tr>\n<\/tbody>\n<\/table>\n<table border=\"0\" width=\"100%\">\n<tbody>\n<tr>\n<td width=\"50\"><a href=\"http:\/\/bhrt-sindikat.ba\/wp-content\/uploads\/2016\/07\/odluka-o-izmjenama-20-7.pdf\" target=\"_blank\"><img loading=\"lazy\" decoding=\"async\" class=\"alignnone size-full wp-image-205\" src=\"http:\/\/bhrt-sindikat.ba\/\/wp-content\/uploads\/2015\/05\/pdf.jpg\" alt=\"pdf\" width=\"50\" height=\"50\" \/><\/a><\/td>\n<td>\n<div class=\"more-link clearfix\">20.07.2016.<\/div>\n<p>Odluka o izmjenama i dopunama Statuta Samostalnog sindikata radnika u BHRT-u<\/td>\n<\/tr>\n<\/tbody>\n<\/table>\n<table border=\"0\" width=\"100%\">\n<tbody>\n<tr>\n<td width=\"50\"><a href=\"http:\/\/bhrt-sindikat.ba\/wp-content\/uploads\/2016\/07\/statut-opt.pdf\" target=\"_blank\"><img loading=\"lazy\" decoding=\"async\" class=\"alignnone size-full wp-image-205\" src=\"http:\/\/bhrt-sindikat.ba\/\/wp-content\/uploads\/2015\/05\/pdf.jpg\" alt=\"pdf\" width=\"50\" height=\"50\" \/><\/a><\/td>\n<td>\n<div class=\"more-link clearfix\">20.07.2016.<\/div>\n<p>Statut Samostalnog sindikata radnika u BHRT-u<\/td>\n<\/tr>\n<\/tbody>\n<\/table>\n","protected":false},"excerpt":{"rendered":"<p>20.07.2016. Statut Samostalnog sindikata radnika u BHRT-u &#8211; pre\u010di\u0161\u0107eni tekst &#8211; interna upotreba 20.07.2016. Odluka o izmjenama i dopunama Statuta Samostalnog sindikata radnika u BHRT-u 20.07.2016. Statut Samostalnog sindikata radnika u BHRT-u<\/p>\n","protected":false},"author":3,"featured_media":0,"parent":0,"menu_order":0,"comment_status":"closed","ping_status":"open","template":"","meta":{"footnotes":"","_links_to":"","_links_to_target":""},"class_list":["post-856","page","type-page","status-publish","hentry"],"_links":{"self":[{"href":"http:\/\/bhrt-sindikat.ba\/index.php?rest_route=\/wp\/v2\/pages\/856","targetHints":{"allow":["GET"]}}],"collection":[{"href":"http:\/\/bhrt-sindikat.ba\/index.php?rest_route=\/wp\/v2\/pages"}],"about":[{"href":"http:\/\/bhrt-sindikat.ba\/index.php?rest_route=\/wp\/v2\/types\/page"}],"author":[{"embeddable":true,"href":"http:\/\/bhrt-sindikat.ba\/index.php?rest_route=\/wp\/v2\/users\/3"}],"replies":[{"embeddable":true,"href":"http:\/\/bhrt-sindikat.ba\/index.php?rest_route=%2Fwp%2Fv2%2Fcomments&post=856"}],"version-history":[{"count":0,"href":"http:\/\/bhrt-sindikat.ba\/index.php?rest_route=\/wp\/v2\/pages\/856\/revisions"}],"wp:attachment":[{"href":"http:\/\/bhrt-sindikat.ba\/index.php?rest_route=%2Fwp%2Fv2%2Fmedia&parent=856"}],"curies":[{"name":"wp","href":"https:\/\/api.w.org\/{rel}","templated":true}]}}